0. What is the tens digit of u?
8
Let w be -3 - 300/(5/(-5)). Let u = w + -161. What is the tens digit of u?
3
Let n(m) = -m**3 + 11*m**2 - 5*m + 33. Let x be n(11). Let o(p) = -p**2 - 11*p + 1. Let z be o(-7). Let f = z + x. What is the units digit of f?
7
Suppose -10 = z - 5*w - 2, -4*z + 12 = 2*w. Suppose z*n - 57 = -5. Let r = n - 18. What is the units digit of r?
8
Let y(d) = 2*d + 1. Let q be y(6). Let l(w) be the third derivative of w**4/12 - 7*w**3/6 + 70*w**2 + w. What is the tens digit of l(q)?
1
Let l = -29 + 42. Let p = -27 + l. Let y = p + 26. What is the tens digit of y?
1
Suppose 7*m = -12 - 2. Let q be (-10)/(-25) - m/(-5). Suppose q = -3*r + 47 + 130. What is the tens digit of r?
5
Let u = 960 - 598. What is the tens digit of u?
6
What is the tens digit of 8 - -306 - (3 + (2 - 0))?
0
Let z = 2479 + -1251. What is the hundreds digit of z?
2
Let m(r) = -5*r**2 - 92*r + 5*r**2 + 93*r + 5*r**2 - 33. What is the tens digit of m(-8)?
7
Let l be (-3)/9*-93*1. Suppose q = -5*i, -4*i = 4*q - 3*q. Suppose z - 4*x = -q*z + l, -58 = -z - 5*x. What is the units digit of z?
3
Suppose -5*k + 125 = -580. Suppose 0 = -8*p - k + 1213. What is the hundreds digit of p?
1
Let l = -418 - -479. What is the units digit of l?
1
Let c = 28 + -23. Suppose 0 = c*l + 3*y - 321, 5*y - 63 = -l + 10. What is the units digit of l?
3
Let w(c) = 16*c**2 + 133*c - 7. What is the thousands digit of w(-20)?
3
What is the tens digit of 296 + -8 - (1/1 + 3)?
8
Suppose 4*y - 3*d = -d + 748, d - 4 = 0. What is the units digit of y?
9
Suppose 16*c = 23*c - 3437. What is the tens digit of c?
9
Suppose 2*r + 601 = 2431. What is the units digit of r?
5
Let h(l) = -l**3 + 7*l**2 - 5*l - 3. Let n be h(6). Suppose 3*i + n*i - 12 = 0. Suppose i = p - 0*p. What is the units digit of p?
2
Let v = 1 - -2. Let j(i) = i**2 - 5*i + 5. Let k be j(4). Suppose 0 = -5*h - 2*u + 6, -4*u - 1 = v*h + k. What is the units digit of h?
2
Let c = -464 - -495. What is the tens digit of c?
3
Let t(k) = -4 + 45*k - 8 + 6 + 1. Let m be t(5). Suppose 4*n - 5*z = -94 + m, -3*n = -z - 89. What is the tens digit of n?
2
Suppose -4*x = -0*x + 3*q - 17, 4*x = -q + 11. Suppose -c + x = -88. What is the units digit of c?
0
Let n(j) = -307*j + 1. What is the tens digit of n(-1)?
0
Suppose -c + 11 = -4*s + 8*s, -2*c = -6. Suppose 69 = 4*x + 5*z, -3*x + 0*x - s*z + 57 = 0. What is the units digit of x?
1
Let d be (-44)/(-8) + 3/(-6). Suppose -3*n + 980 = d*q, 4*q + 214 = 2*n + 998. What is the units digit of q?
6
Let x be ((-20)/(-8))/(2/(-8)). What is the tens digit of (-2)/(2/(-85))*(-4)/x?
3
Suppose z - 20 = 6*z. What is the units digit of -3 + (-2013)/(-9) + z/(-12)?
1
Let w = 5 + -7. Let d be -4 - w - -2*2. What is the units digit of (-8)/6*(-9)/d?
6
Let c(u) = -u**2 + 3*u + 13. Let h be c(-5). What is the units digit of h/18 + (-122)/(-4)?
9
Suppose -10 = 2*u - 4*u, -5*z - 3*u = -635. Let l = 315 - z. What is the units digit of l?
1
Suppose 5*u + 4*g = 23 - 288, 0 = -u + 2*g - 39. Let d = u - -136. What is the units digit of d?
7
Let d(g) = 552*g**2 + 9*g - 6. What is the units digit of d(2)?
0
Let u be (-6)/(-8) + (14595/20)/7. What is the tens digit of (30/9)/(107/u - 1)?
7
Let x(f) = -88*f + 152. What is the tens digit of x(-12)?
0
Let n(k) = k**3 - 7*k**2 + 9*k + 3. Let d be n(5). What is the tens digit of (-13)/39*744/d?
2
Suppose a - 4 = 1. Let h(l) be the second derivative of -l**4/12 + 4*l**3/3 - 7*l**2/2 - 2*l. What is the units digit of h(a)?
8
Let m(f) = -f**2 - 10*f + 46. Let a be m(9). What is the units digit of 1/((2/(-4))/(a/2))?
5
Suppose v + 2*v = -2*r + 6861, r = -v + 2288. What is the units digit of v?
5
Let s be (-1 - -1) + (-387)/(-3 + 0). Let i = s + -34. What is the tens digit of i?
9
What is the tens digit of (2 + (-6)/5)*(358 + -28)?
6
Let n = -2182 - -2249. What is the units digit of n?
7
Let f(y) be the third derivative of y**5/20 + 5*y**4/24 + 8*y**2. Let m be f(5). Let x = m + -55. What is the tens digit of x?
4
Let q(m) = -3*m**3 - m**2. Let w be q(1). Let c be w*((-9)/6 - -2). What is the units digit of 0 - (-3 - c - 19)?
0
Suppose 31*b - 96 = 35*b. What is the units digit of (-4 + 0 + b)/(-1)?
8
Let d(b) = -94*b + 12. Let v be d(-4). Suppose -v = s - 5*s. What is the tens digit of s?
9
Suppose p + 0*p - 234 = -2*v, v = -p + 119. What is the units digit of v?
5
Let z(x) = x**3 + 19*x**2 + 29*x + 38. Let o be z(-16). Suppose -4*u + c = -o, u + 5*c = 7*c + 82. What is the tens digit of u?
8
Suppose 0 = 5*r + 3*g - 35, 0 = 3*g - 15 - 0. Suppose 388 = r*j - 56. What is the hundreds digit of j?
1
Let r(y) be the second derivative of y**6/180 - y**5/40 + 5*y**4/12 + 2*y. Let x(i) be the third derivative of r(i). What is the units digit of x(5)?
7
Suppose -k + 2*m - 7 + 48 = 0, -68 = -2*k - 3*m. Let h = k + -25. What is the units digit of h?
2
Suppose j + v - 1034 = 0, -5*j + 5*v = -2677 - 2493. What is the tens digit of j?
3
Suppose j + 64 = 420. What is the units digit of j?
6
Let x(z) = 740*z**2 - 34*z - 33. What is the units digit of x(-1)?
1
Let w(t) = 97*t + 165. What is the thousands digit of w(29)?
2
Let p = 375 + -213. Suppose 4*n - p - 22 = 0. What is the units digit of n?
6
Let p(h) = -h - 5. Suppose -2*l - 4*w - 10 = -2*w, -w = 0. Let c be p(l). Suppose -3 = 3*r, -4*o + o + r + 160 = c. What is the tens digit of o?
5
Let h(f) = 564*f - 351. What is the units digit of h(4)?
5
Let u(q) = 3*q**2 - 2*q + 20. What is the units digit of u(7)?
3
Let i(n) = -4*n + 11*n**3 + 8*n**2 + 3*n**2 + 17 - 10*n**3. What is the tens digit of i(-8)?
4
Let k(w) = 226*w + 8. Let f be k(7). Let r be 6/21 + f/21. Suppose n = 5*n - r. What is the units digit of n?
9
Suppose -k + 945 = 5*j, -k - j = 4*k - 4605. What is the hundreds digit of k?
9
Let t(r) = 4*r**2 + 24*r - 10. Let m be t(-12). Suppose -m = -4*w - 46. What is the tens digit of w?
5
Suppose 5*f - 3*z - 4661 = 0, 5*z + 1404 = 2*f - 468. What is the hundreds digit of f?
9
Let g(k) = k + 1. Let c be g(5). Let m(w) = w**2 - 4*w - 12. Let n be m(c). Suppose -x - 23 = -5*f - 0*f, -3*f + 3*x + 21 = n. What is the units digit of f?
4
Let z be (-1 + 2)/((-11)/(-22)). Let a(t) = 1 - 3*t - 9*t**2 - z + 8*t**2. What is the units digit of a(-1)?
1
Let u(c) = c**3 + 4*c**2 - 5*c + 3. Let s be u(-5). Suppose -3*d - 3*f + 9 = 0, 5*d = -2*f + 3*f - s. What is the tens digit of d + (-2 - (-18 - -3))?
1
Suppose -5*q - 4 = -14. Let f = 14 - q. Suppose 3*a - f = 2*a. What is the tens digit of a?
1
Suppose 14*m - 9*m = 15. Suppose m = -i - 5. What is the tens digit of (10/i)/((-10)/120)?
1
Suppose -4*f - l + 4 = l, -2*f + 3*l = -10. Suppose 0*w - w = -f. Suppose w*z + 3 = 101. What is the tens digit of z?
4
Suppose 0 = f - 1, -9*n + 3*f - 6 = -6*n. Suppose -4*g + 3*d = 681, -4*g + 2*d = -0*g + 682. What is the tens digit of (-2 + n)*g/27?
1
Let f(l) = l**3 + 9*l**2 - 13*l - 6. Let a be f(-9). Suppose 0 = 6*w - 5*w - a. What is the tens digit of w?
1
What is the tens digit of 3 + 19 + (-8)/(-2)?
2
Suppose 3*u - 32 = -5*u. Suppose 4*d - 247 = 5*w, 5*d - 408 = u*w - 97. What is the tens digit of d?
6
Let b = 550 + 1074. What is the units digit of b?
4
Suppose 215 = 2*z - 205. What is the units digit of z?
0
What is the thousands digit of (-6)/(-6) - (1 + -1308)?
1
Suppose -23*h + 18*h + 10712 = 3*q, 0 = 5*h - 5*q - 10720. What is the units digit of h?
3
Suppose -2*z - 3*x + 3590 - 1198 = 0, -2*z + 2404 = -3*x. What is the hundreds digit of z?
1
Suppose -100*t = -104*t + 1356. What is the units digit of t?
9
Let p be 3 - 3 - (-1 - 10). Suppose -2*v + 3 + p = 0. What is the units digit of v?
7
Suppose -53 = 5*z + 12. Let t = z + 16. Suppose -24 = -t*k + 36. What is the tens digit of k?
2
Let z be 130/8 + (4 - 51/12). Suppose -z*h + 476 = -12*h. What is the units digit of h?
9
Let x be 102/(-12)*(-13 + -1). Suppose 118 + x = 3*l. What is the tens digit of l?
7
Let r(x) = 6*x - 4. Let j be r(1). Suppose -603 = -g - j*g. What is the hundreds digit of g?
2
Let q = -18 - -13. Let r = q - -3. What is the tens digit of (r/6)/(2/(-114))?
1
Let b = -10 - -2. Let q be (-447)/(-18) + b/(-48). Suppose 5*l = 50 + q. What is the units digit of l?
5
Suppose -2*w = 2, 4*w = 4*h - 2*h - 78. Suppose -a - 3*v + h + 3 = 0, 2*a - 65 = -v. What is the tens digit of a?
3
